{"id":246725,"date":"2026-02-01T02:49:30","date_gmt":"2026-02-01T01:49:30","guid":{"rendered":"https:\/\/tiendapadel5.com\/?post_type=product&#038;p=246725"},"modified":"2026-03-12T10:07:15","modified_gmt":"2026-03-12T09:07:15","slug":"calcetines-adidas-prf-c-cc-qrt-3p-black-2026","status":"publish","type":"product","link":"https:\/\/tiendapadel5.com\/nl\/calcetines-adidas-prf-c-cc-qrt-3p-black-2026\/","title":{"rendered":"Calcetines Adidas Prf C Cc Qrt 3P Black 2026"},"content":{"rendered":"<h2>Calcetines Adidas Prf C Cc Qrt 3P Black 2026<\/h2>\n<p><strong>Caracter\u00edsticas:<\/strong><\/p>\n<table class=\"table table-striped table-product-dimensions table-light table-bordered- table-sm mt-3\">\n<tbody>\n<tr>\n<td class=\"font-weight-500\">1-<\/td>\n<td>Largo hasta el tobillo<\/td>\n<\/tr>\n<tr>\n<td class=\"font-weight-500\">3-<\/td>\n<td>55% poli\u00e9ster (reciclado), 42% algod\u00f3n, 2% elastano, 1% poliamida (reciclada)<\/td>\n<\/tr>\n<tr>\n<td class=\"font-weight-500\">6-<\/td>\n<td>CLIMACOOL<\/td>\n<\/tr>\n<tr>\n<td class=\"font-weight-500\">Instrucciones de lavado<\/td>\n<td>Do not wash<\/td>\n<\/tr>\n<\/tbody>\n<\/table>\n","protected":false},"excerpt":{"rendered":"<p>Los Calcetines Adidas Prf C Cc Qrt 3P Black 2026, cuida tus pies en cada entrenamiento con estos calcetines adidas. Tienen un largo hasta el tobillo y un acolchado extra que aporta m\u00e1s comodidad tanto en sesiones de pesas como en ejercicios de salto. Gracias a la tecnolog\u00eda CLIMACOOL, el sudor se aleja de la piel para mantener tus pies frescos y secos, ayud\u00e1ndote a entrenar con m\u00e1s comodidad y sin distracciones.<\/p>\n","protected":false},"featured_media":246733,"comment_status":"open","ping_status":"closed","template":"","meta":{"_joinchat":[]},"pwb-brand":[28],"product_brand":[],"product_cat":[21,4405,4948,46],"product_tag":[11132,9653,143,203,4491,399,11395,11478,11477],"class_list":{"0":"post-246725","1":"product","2":"type-product","3":"status-publish","4":"has-post-thumbnail","6":"pwb-brand-adidas-padel","7":"product_cat-ropa-padel","8":"product_cat-calcetines","9":"product_cat-ropa-adidas","10":"product_cat-hombre","11":"product_tag-11132","12":"product_tag-3p","13":"product_tag-adidas","14":"product_tag-black","15":"product_tag-c","16":"product_tag-calcetines","17":"product_tag-cc","18":"product_tag-prfn","19":"product_tag-rt","20":"pa_talla-l-43-45","21":"pa_talla-m-40-42","22":"pa_talla-s-37-39","23":"pa_talla-xl-46-48","25":"first","26":"instock","27":"sale","28":"taxable","29":"shipping-taxable","30":"purchasable","31":"product-type-variable"},"brands":[{"id":28,"name":"Adidas Padel","slug":"adidas-padel"}],"_links":{"self":[{"href":"https:\/\/tiendapadel5.com\/nl\/wp-json\/wp\/v2\/product\/246725","targetHints":{"allow":["GET"]}}],"collection":[{"href":"https:\/\/tiendapadel5.com\/nl\/wp-json\/wp\/v2\/product"}],"about":[{"href":"https:\/\/tiendapadel5.com\/nl\/wp-json\/wp\/v2\/types\/product"}],"replies":[{"embeddable":true,"href":"https:\/\/tiendapadel5.com\/nl\/wp-json\/wp\/v2\/comments?post=246725"}],"version-history":[{"count":1,"href":"https:\/\/tiendapadel5.com\/nl\/wp-json\/wp\/v2\/product\/246725\/revisions"}],"predecessor-version":[{"id":246744,"href":"https:\/\/tiendapadel5.com\/nl\/wp-json\/wp\/v2\/product\/246725\/revisions\/246744"}],"wp:featuredmedia":[{"embeddable":true,"href":"https:\/\/tiendapadel5.com\/nl\/wp-json\/wp\/v2\/media\/246733"}],"wp:attachment":[{"href":"https:\/\/tiendapadel5.com\/nl\/wp-json\/wp\/v2\/media?parent=246725"}],"wp:term":[{"taxonomy":"pwb-brand","embeddable":true,"href":"https:\/\/tiendapadel5.com\/nl\/wp-json\/wp\/v2\/pwb-brand?post=246725"},{"taxonomy":"product_brand","embeddable":true,"href":"https:\/\/tiendapadel5.com\/nl\/wp-json\/wp\/v2\/product_brand?post=246725"},{"taxonomy":"product_cat","embeddable":true,"href":"https:\/\/tiendapadel5.com\/nl\/wp-json\/wp\/v2\/product_cat?post=246725"},{"taxonomy":"product_tag","embeddable":true,"href":"https:\/\/tiendapadel5.com\/nl\/wp-json\/wp\/v2\/product_tag?post=246725"}],"curies":[{"name":"wp","href":"https:\/\/api.w.org\/{rel}","templated":true}]}}

<h2>Calcetines Adidas Prf C Cc Qrt 3P Black 2026</h2>
<p><strong>Características:</strong></p>
<table class="table table-striped table-product-dimensions table-light table-bordered- table-sm mt-3">
<tbody>
<tr>
<td class="font-weight-500">1-</td>
<td>Largo hasta el tobillo</td>
</tr>
<tr>
<td class="font-weight-500">3-</td>
<td>55% poliéster (reciclado), 42% algodón, 2% elastano, 1% poliamida (reciclada)</td>
</tr>
<tr>
<td class="font-weight-500">6-</td>
<td>CLIMACOOL</td>
</tr>
<tr>
<td class="font-weight-500">Instrucciones de lavado</td>
<td>Do not wash</td>
</tr>
</tbody>
</table>

<p>Los Calcetines Adidas Prf C Cc Qrt 3P Black 2026, cuida tus pies en cada entrenamiento con estos calcetines adidas. Tienen un largo hasta el tobillo y un acolchado extra que aporta más comodidad tanto en sesiones de pesas como en ejercicios de salto. Gracias a la tecnología CLIMACOOL, el sudor se aleja de la piel para mantener tus pies frescos y secos, ayudándote a entrenar con más comodidad y sin distracciones.</p>
